{"id":775,"date":"2023-06-30T06:45:28","date_gmt":"2023-06-30T06:45:28","guid":{"rendered":"https:\/\/novatech.ro\/industria-feroviara\/?page_id=775"},"modified":"2023-06-30T09:50:02","modified_gmt":"2023-06-30T09:50:02","slug":"termeni-si-conditii-de-utilizare","status":"publish","type":"page","link":"https:\/\/novatech.ro\/industria-feroviara\/termeni-si-conditii-de-utilizare\/","title":{"rendered":"Termeni si conditii de utilizare"},"content":{"rendered":"<h1><strong>Termeni \u0219i condi\u021bii de utilizare<\/strong><\/h1>\n<h2><strong>Acord de utilizare<\/strong><\/h2>\n<p>Prin utilizarea acestui Site, sunte\u021bi de acord cu aceste condi\u021bii de utilizare.<\/p>\n<p>Accesul \u0219i utilizarea acestui Site sunt supuse urm\u0103toarelor condi\u021bii de utilizare \u0219i tuturor legilor \u0219i regulamentelor aplicabile. Acces\u00e2nd \u0219i utiliz\u00e2nd Site-ul, accepta\u021bi, f\u0103r\u0103 limit\u0103ri sau calific\u0103ri, aceste condi\u021bii \u0219i lua\u021bi la cuno\u0219tin\u021b\u0103 c\u0103 orice alte acorduri \u00eentre Dumneavoastr\u0103 \u0219i NOVATECH S.R.L\u00a0 sunt \u00eenlocuite prin prevederile prezentelor Condi\u021bii de Utilizare. Daca nu sunte\u021bi de acord sau nu accepta\u021bi, f\u0103r\u0103 limit\u0103ri sau calific\u0103ri, Condi\u021biile de Utilizare ale acestui Site, v\u0103 rug\u0103m s\u0103 p\u0103r\u0103si\u021bi acest Site.<\/p>\n<h2><strong>Proprietatea Con\u021binutului<\/strong><\/h2>\n<p>Site-ul si tot ceea ce cuprinde acesta, incluz\u00e2nd f\u0103r\u0103 limitare toate textele \u0219i imaginile (\u201eCon\u021binut\u201d) sunt \u00een proprietatea \u0219i sub dreptul de autor (copyright) al NOVATECH S.R.L\u00a0 sau al altora cu toate drepturile rezervate, cu excep\u021bia cazului \u00een care nu este altfel specificat. Este strict interzis\u0103 utilizarea oric\u0103rui Con\u021binut, cu excep\u021bia celor prev\u0103zute \u00een Condi\u021biile de Utilizare, f\u0103r\u0103 permisiunea \u00een scris a proprietarului \u201eCon\u021binutului\u201d. De asemenea, v\u0103 inform\u0103m c\u0103 NOVATECH S.R.L\u00a0 \u00ee\u0219i va asigura \u0219i impune \u00een mod hot\u0103r\u00e2t recunoa\u0219terea drepturilor de proprietate intelectual\u0103 \u00een conformitate cu legile \u00een vigoare, ajung\u00e2nd dac\u0103 este cazul la ac\u021bionarea celor vinova\u021bi de \u00eenc\u0103lcarea dreptului de proprietate intelectual\u0103 \u00een judecat\u0103 prin instan\u021bele penale.<\/p>\n<h2><strong>Utilizarea Site-ului<\/strong><\/h2>\n<p>NOVATECH S.R.L\u00a0 acord\u0103 permisiunea de a utiliza Site-ul \u00een urm\u0103toarele condi\u021bii:<\/p>\n<ul>\n<li>Pute\u021bi desc\u0103rca Con\u021binutul, \u00eens\u0103 doar pentru folosul personal \u0219i ne-comercial \u0219i cu condi\u021bia de a v\u0103 conforma cu informa\u021biile referitoare la dreptul de autor (copyright) \u0219i alte drepturi de proprietate intelectual\u0103 cuprinse \u00een Con\u021binut;<\/li>\n<li>Nu ave\u021bi permisiunea s\u0103 distribui\u021bi, s\u0103 modifica\u021bi, s\u0103 copia\u021bi (cu excep\u021bia celor mai sus men\u021bionate), s\u0103 transmite\u021bi, s\u0103 expune\u021bi, sa refolosi\u021bi, s\u0103 reproduce\u021bi, s\u0103 publica\u021bi, s\u0103 autoriza\u021bi, s\u0103 acorda\u021bi o licen\u021b\u0103 de folosire, s\u0103 crea\u021bi lucr\u0103ri derivate din, sau s\u0103 transfera\u021bi, s\u0103 vinde\u021bi sau s\u0103 folosi\u021bi Con\u021binutul \u00een orice alt mod, f\u0103r\u0103 acordul \u00een scris al NOVATECH S.R.L.<\/li>\n<li>Este interzis s\u0103 folosi\u021bi Site-ul pentru a afi\u0219a sau transmite orice fel de material ce are caracter amenin\u021b\u0103tor, fals, \u00een\u0219el\u0103tor, abuziv, de h\u0103r\u021buire, licen\u021bios, calomniator, vulgar, obscen, scandalos, instigator, pornografic sau profanator, sau orice alt fel de material care poate constitui sau \u00eencuraja un comportament ce va putea da na\u0219tere unei infrac\u021biuni, sau ar putea conduce la r\u0103spundere civil\u0103, sau ar \u00eenc\u0103lca \u00een alt mod legea. NOVATECH S.R.L\u00a0 va coopera cu oricare dintre autorit\u0103\u021bile abilitate s\u0103 aplice legea \u0219i se va conforma cu orice sentin\u021b\u0103 judec\u0103toreasc\u0103 prin care se cere sau se ordon\u0103 societ\u0103\u021bii NOVATECH S.R.L\u00a0 s\u0103 dezv\u0103luie identitatea oric\u0103rei persoane care ar afi\u0219a sau transmite orice fel de informa\u021bie sau material de acest fel pe sau prin intermediul Site-ului;<\/li>\n<li>Este interzis s\u0103 utiliza\u021bi Site-ul \u00een scop de publicitate sau pentru orice fel de cerere\/ofert\u0103 cu caracter comercial.<\/li>\n<\/ul>\n<p><a href=\"#\" id=\"politica-confidentialitate\"><\/a><\/p>\n<h2><strong>Confiden\u021bialitate \u0219i protec\u021bia datelor cu caracter personal<\/strong><\/h2>\n<p>NOVATECH S.R.L\u00a0 apreciaz\u0103 \u00eencrederea pe care o manifesta\u021bi navig\u00e2nd pe site-ul nostru, scriindu-ne sau f\u0103c\u00e2nd comenzi on-line, de aceea dorim s\u0103 v\u0103 asigur\u0103m c\u0103 nu vom furniza, vinde sau ceda nici unei alte p\u0103r\u021bi baza de date referitoare la datele dumneavoastr\u0103 personale.<\/p>\n<p>Informa\u021biile cu caracter personal ale Cump\u0103r\u0103torului pot fi furnizate \u0219i c\u0103tre Parchetul General, Poli\u021bie, instan\u021bele judec\u0103tore\u0219ti \u0219i altor organe abilitate ale statului, \u00een baza \u0219i \u00een limitele prevederilor legale \u0219i ca urmare a unor cereri expres formulate.<\/p>\n<p>Conform cerin\u021belor Regulamentului European privind Protec\u021bia Datelor cu Caracter Personal (The General Data Protection Regulation (GDPR) (EU) 2016\/679), NOVATECH S.R.L\u00a0 are obliga\u021bia de a administra \u00een condi\u021bii de siguran\u021b\u0103 \u0219i numai pentru scopurile specificate datele personale pe care ni le furniza\u021bi despre dumneavoastr\u0103, un membru al familiei dumneavoastr\u0103 ori o alt\u0103 persoan\u0103.<\/p>\n<p>Scopul colect\u0103rii datelor este:<\/p>\n<ul>\n<li>informarea Clien\u021bilor\/Cump\u0103r\u0103torilor privind situa\u021bia Contului lor inclusiv validarea, procesarea \u0219i facturarea Comenzilor, rezolvarea anul\u0103rilor sau a problemelor de orice natur\u0103 referitoare la o Comand\u0103 sau serviciile achizi\u021bionate<\/li>\n<li>trimiterea de Newslettere, Notificari \u0219i\/sau alerte periodice, prin folosirea po\u0219tei electronice<\/li>\n<\/ul>\n<p>Sunte\u021bi obligat(\u0103) s\u0103 furniza\u021bi datele solicitate, acestea fiind necesare pentru crearea facturii\/ ofertei pentru produsele solicitate. Refuzul dvs. determin\u0103 anularea comenzii. Informa\u021biile \u00eenregistrate sunt destinate utiliz\u0103rii de c\u0103tre operator \u00een scopul livr\u0103rii serviciilor \u0219i sunt comunicate numai de c\u0103tre dumneavoastr\u0103.<\/p>\n<p>Orice alt fel de comunic\u0103ri sau materiale pe care le transmite\u021bi pe acest Site, precum \u00eentreb\u0103ri, comentarii, sugestii sau alte mesaje de acest fel, vor fi considerate ca neconfiden\u021biale \u0219i neprotejate de drepturi de proprietate intelectual\u0103 determinate.<\/p>\n<h2><strong>Drepturile utilizatorului<\/strong><\/h2>\n<p>Beneficia\u021bi de dreptul de acces, de interven\u021bie asupra datelor, dreptul de a nu fi supus unei decizii individuale \u0219i dreptul de a v\u0103 adresa justi\u021biei. Totodat\u0103, ave\u021bi dreptul s\u0103 v\u0103 opune\u021bi prelucr\u0103rii datelor personale care v\u0103 privesc \u0219i s\u0103 solicita\u021bi \u0219tergerea datelor. Dac\u0103 unele din datele despre dumneavoastr\u0103 sunt incorecte, v\u0103 rug\u0103m s\u0103 ne informa\u021bi c\u00e2t mai cur\u00e2nd posibil. Pentru exercitarea acestor drepturi, v\u0103 pute\u021bi adresa cu o cerere scris\u0103, datat\u0103 \u0219i semnat\u0103 la Departamentul rela\u021bii cu Clien\u021bii, la adresa de e-mail office [at] novatech. ro, sau prin po\u0219t\u0103 la SC NOVATECH SRL Drumul Odaii 26A Otopeni Ilfov. De asemenea, v\u0103 este recunoscut dreptul de a v\u0103 adresa justi\u021biei.<\/p>\n<p>Dreptul de interven\u021bie asupra datelor se aplic\u0103 pentru:<\/p>\n<ul>\n<li>rectificarea, actualizarea, blocarea sau \u0219tergerea datelor a c\u0103ror prelucrare nu este conform\u0103 legii, \u00een special a datelor incomplete sau inexacte;<\/li>\n<li>transformarea \u00een date anonime a datelor a c\u0103ror prelucrare nu este conform\u0103 legii;<\/li>\n<li>notificarea c\u0103tre ter\u021bii c\u0103rora le-au fost dezv\u0103luite datele, dac\u0103 aceast\u0103 notificare nu se dovede\u0219te imposibil\u0103 sau nu presupune un efort dispropor\u021bionat fa\u021b\u0103 de interesul legitim care ar putea fi lezat.<\/li>\n<\/ul>\n<p><a href=\"#\" id=\"politica-cookies\"><\/a><\/p>\n<h2><strong>Politica privind cookies<\/strong><\/h2>\n<p><strong>Cookie-urile<\/strong><\/p>\n<p>Pentru a asigura buna func\u021bionare a acestui site, uneori plas\u0103m \u00een computerul dumneavoastr\u0103 mici fi\u0219iere cu date, cunoscute sub numele de cookie-uri. Majoritatea site-urilor fac acest lucru.<\/p>\n<p><strong>Ce se \u00een\u021belege prin cookie-uri?<\/strong><\/p>\n<p>Cookie-ul este un fi\u0219ier text de mici dimensiuni pe care un site \u00eel salveaz\u0103 \u00een calculatorul sau dispozitivul dumneavoastr\u0103 mobil atunci c\u00e2nd \u00eel vizita\u021bi. Datorit\u0103 cookie-urilor, site-ul re\u021bine, pe o perioad\u0103 de timp, ac\u021biunile \u0219i preferin\u021bele dumneavoastr\u0103 (login, limb\u0103, dimensiunea caracterelor \u0219i alte preferin\u021be de afi\u0219are). Astfel nu mai trebuie s\u0103 le reintroduce\u021bi ori de c\u00e2te ori reveni\u021bi la site sau naviga\u021bi de pe o pagin\u0103 pe alta.<\/p>\n<p><strong>Cum folosim cookie-urile?<\/strong><\/p>\n<p>Site-ul nostru (inclusiv varianta pentru dispozitive mobile) folose\u0219te at\u00e2t\u00a0<strong>cookie-uri de sesiune<\/strong>\u00a0c\u00e2t \u0219i\u00a0<strong>cookie-urile persistente<\/strong>. Cookie-uri de sesiune v\u0103 permit s\u0103 naviga\u021bi de la o pagin\u0103 la alta \u00een cadrul site-ului nostru, precum \u0219i re\u021binerea oric\u0103ror informa\u021bii pe care le introduce\u021bi. Un cookie de sesiune este \u0219ters atunci c\u00e2nd \u00eenchide\u021bi browserul sau dup\u0103 o perioad\u0103 scurt\u0103 de timp. Cookie-uri persistente permit site-ul nostru s\u0103-\u0219i aminteasc\u0103 preferin\u021bele \u0219i set\u0103rile dvs. atunci c\u00e2nd vizita\u021bi site-ul nostru \u00een viitor. Cookie-uri persistente expir\u0103 automat dup\u0103 o anumit\u0103 perioad\u0103 de timp. Cookie-urile sunt utilizate \u00een urm\u0103toarele moduri pe site-ul nostru:<\/p>\n<ul>\n<li>\nGoogle Analytics \u2013 folosim serviciul Google Analytics pentru a afla informa\u021bii despre modul \u00een care utiliza\u021bi site-ul nostru. Folosim aceste informa\u021bii pentru a compila statistici \u0219i pentru a ne ajuta la \u00eembun\u0103t\u0103\u021birea site-ului nostru. Google utilizeaz\u0103 cookie-uri, ca parte a acestui proces, pentru a colecta informa\u021bii anonime, inclusiv num\u0103rul de vizitatori, provenien\u021ba, paginile vizitate \u0219i durata de timp petrecut\u0103 pe site-ul nostru.<\/li>\n<li>Login \u2013 folosim cookies de sesiune pentru a v\u0103 permite s\u0103 utiliza\u021bi serviciile care necesit\u0103 autentificare.<\/li>\n<li>Versiune pentru dispozitive mobile \u2013 folosim cookies persistente \u0219i cookies de sesiune pentru a permite func\u021bionarea eficient\u0103 \u00een func\u021bie de dispozitivul folosit \u0219i pentru amintirea preferin\u021belor \u0219i set\u0103rilor (de exemplu, schimbarea navig\u0103rii implicite mobil\/desktop).<\/li>\n<\/ul>\n<p><strong>Cum pute\u021bi controla cookie-urile?<\/strong><\/p>\n<p>Pute\u021bi controla \u0219i\/sau \u0219terge cookie-urile dup\u0103 cum dori\u021bi \u2013 pentru detalii, consulta\u021bi site-ul aboutcookies.org. Pute\u021bi \u0219terge toate cookie-urile din calculatorul dumneavoastr\u0103 \u0219i pute\u021bi seta majoritatea browserelor s\u0103 blocheze plasarea acestora. Dac\u0103 face\u021bi acest lucru, este posibil s\u0103 fi\u021bi nevoit s\u0103 seta\u021bi manual unele preferin\u021be, de fiecare dat\u0103 c\u00e2nd vizita\u021bi site-ul.\u00a0<strong>De asemenea, s-ar putea ca unele servicii sau op\u021biuni s\u0103 nu func\u021bioneze.<\/strong><\/p>\n<p>Continu\u00e2nd s\u0103 utiliza\u021bi site-ul nostru, f\u0103r\u0103 a schimba set\u0103rile, sunte\u021bi de acord cu utilizarea cookie-urilor a\u0219a cum este descris mai sus.<\/p>\n<h2><strong>Lipsa garan\u021biilor<\/strong><\/h2>\n<p><strong>\u00ceNTREG CON\u021aINUTUL ACESTUI SITE POATE FI MODIFICAT \u0218I V\u0102 ESTE OFERIT \u201eCA ATARE\u201d F\u0102R\u0102 A SE OFERI NICI O GARAN\u021aIE DE NICI UN FEL, FIE ACEASTA EXPRES\u0102 SAU IMPLICIT\u0102.<\/strong><\/p>\n<h2><strong>Exonerarea de r\u0103spundere<\/strong><\/h2>\n<p>UTILIZAREA ACESTUI SITE ESTE \u00ceN TOTALITATE PE CONTUL DUMNEAVOASTR\u0102. NOVATECH S.R.L\u00a0 \u0218I SOCIET\u0102\u021aILE SALE AFILIATE SAU ORICE ALT\u0102 PARTE IMPLICAT\u0102 \u00ceN CONCEPEREA, PRODUCEREA SAU OFERIREA SITE-ULUI NU SUNT R\u0102SPUNZ\u0102TOARE PENTRU DAUNE DIRECTE SAU INDIRECTE, DE ORICE NATUR\u0102, CE AR REZULTA DIN SAU \u00ceN LEG\u0102TUR\u0102 CU UTILIZAREA ACESTUI SITE SAU A CON\u021aINUTULUI S\u0102U. NOVATECH S.R.L\u00a0 NU \u00ce\u0218I ASUM\u0102 NICI O RESPONSABILITATE \u0218I NU VA FI R\u0102SPUNZATOARE PENTRU NICI O DAUNA SAU VIRU\u0218I CARE AR PUTEA S\u0102 V\u0102 INFECTEZE COMPUTERUL SAU ALTE BUNURI \u00ceN URMA ACCES\u0102RII SAU UTILIZ\u0102RII ACESTUI SITE, SAU DESC\u0102RC\u0102RII ORIC\u0102RUI MATERIAL, INFORMA\u021aII, TEXT, IMAGINI VIDEO SAU AUDIO DE PE ACEST SITE.<\/p>\n<h2><strong>Link-uri pe site-urile unei ter\u021be p\u0103r\u021bi<\/strong><\/h2>\n<p>Site-ul poate con\u021bine link-uri c\u0103tre alte site-uri aflate \u00een proprietatea sau operate de alte p\u0103r\u021bi dec\u00e2t NOVATECH S.R.L\u00a0 Astfel de link-uri v\u0103 sunt furnizate pentru a le folosi numai dac\u0103 ve\u021bi dori aceasta. NOVATECH S.R.L\u00a0 nu controleaz\u0103, \u0219i nu este r\u0103spunz\u0103toare pentru con\u021binutul \u0219i condi\u021biile de confiden\u021bialitate sau securitate \u0219i de func\u021bionalitatea acestor site-uri. F\u0103r\u0103 a se limita la cele mai sus men\u021bionate, NOVATECH S.R.L\u00a0 \u00ee\u0219i declina \u00een mod special orice r\u0103spundere dac\u0103 aceste site-uri:<\/p>\n<ul>\n<li>\u00cencalc\u0103 drepturile de proprietate intelectual\u0103 ale unei ter\u021be p\u0103r\u021bi;<\/li>\n<li>Sunt inexacte, incomplete sau con\u021bin informa\u021bii \u00een\u0219el\u0103toare;<\/li>\n<li>Nu au caracter comercial sau nu r\u0103spund \u00eendeplinirii unui anumit scop;<\/li>\n<li>Nu ofer\u0103 o securitate adecvata;<\/li>\n<li>Con\u021bin viru\u0219i sau alte elemente cu caracter distructiv;<\/li>\n<li>Sunt licen\u021bioase sau calomnioase.<\/li>\n<\/ul>\n<p>De asemenea, NOVATECH S.R.L\u00a0 nu autorizeaz\u0103 con\u021binutul sau orice alte produse \u0219i servicii promovate pe astfel de site-uri. Dac\u0103 intra\u021bi printr-un link pe astfel de site-uri sau pe acest site, va asuma\u021bi personal riscul, f\u0103r\u0103 a exista \u00een acest sens permisiunea NOVATECH SRL<\/p>\n<h2><strong>Revizuiri ale acestor Condi\u021bii de Utilizare<\/strong><\/h2>\n<p>NOVATECH S.R.L\u00a0 poate, \u00een orice moment \u0219i f\u0103r\u0103 notificare prealabil\u0103, s\u0103 revizuiasc\u0103 aceste Condi\u021bii de Utilizare prin actualizarea acestora. Sunte\u021bi obligat s\u0103 respecta\u021bi oricare \u0219i toate astfel de revizuiri \u0219i de aceea va trebui s\u0103 vizita\u021bi aceasta pagin\u0103 a site-ului nostru \u00een mod periodic pentru a lua la cuno\u0219tin\u021b\u0103 Condi\u021biile de Utilizare actualizate.<\/p>\n<p class=\"fr-tag\">Aceast\u0103 pagin\u0103 a fost revizuit\u0103 la data de 20.05.2018<\/p>\n<h2><strong>Interdic\u021bii explicite<\/strong><\/h2>\n<p>Este interzis\u0103 utilizarea acestui site pentru a posta sau transmite orice fel de material ilegal, de amenin\u021bare, fals, \u00een\u0219el\u0103tor, abuziv, de h\u0103r\u021buire, def\u0103im\u0103tor, vulgar, obscen, scandalos, incendiar, pornografic, profan sau orice alt material care ar putea constitui sau \u00eencuraja un comportament care ar putea fi considerat criminal, poate da na\u0219tere responsabilit\u0103\u021bii civile sau viola orice lege. NOVATECH S.R.L\u00a0 va coopera deplin cu orice autorit\u0103\u021bi care aplica legea sau orice ordin judiciar care solicita sau ordon\u0103 s\u0103 reveleze identitatea persoanelor care posteaz\u0103 sau transmit astfel de informa\u021bii sau materiale; sunte\u021bi de acord \u00een a\u0219a fel \u00eenc\u00e2t NOVATECH S.R.L la alegerea sa, s\u0103 \u00eenceteze sau s\u0103 \u00eentrerup\u0103 utilizarea de c\u0103tre dvs. a site-ului la nerespectarea Termenilor de Utilizare. \u00cen momentul suspend\u0103rii sau \u00eencet\u0103rii respective, dumneavoastr\u0103 trebuie s\u0103 \u00eenceta\u021bi utilizarea site-ului \u0219i s\u0103 distruge\u021bi orice copii f\u0103cute dup\u0103 orice parte a con\u021binutului s\u0103u. Nu ve\u021bi considera NOVATECH S.R.L\u00a0 r\u0103spunz\u0103toare pentru daunele, costurile, r\u0103spunderile, cheltuielile (inclusiv costurile avoca\u021bilor) \u0219i sumele pentru \u00een\u021belegerile legate de orice proces, preten\u021bie sau ac\u021biune depus\u0103 de c\u0103tre un ter\u021b \u00eempotriva Companiei drept rezultat al neglijen\u021bei, proastei reprezent\u0103ri, erori sau omitere din partea dvs. sau \u00eenc\u0103lc\u0103rii din partea dvs. a Termenilor de Utilizare \u0219i a legilor sau regulamentelor de aplicare.<\/p>\n<p>UTILIZA\u021aI ACEST SITE PE PROPRIA RESPONSABILITATE. NICI NOVATECH S.R.L SAU TER\u021aII IMPLICA\u021aI \u00ceN CREAREA, PRODUCEREA SAU LIVRAREA SITE-ULUI NU SUNT RESPONSABILI PENTRU DAUNELE DIRECTE, INDIRECTE, PUNITIVE, INCIDENTALE, SPECIALE, LOGICE SAU ALTE DAUNE LEGATE DE UTILIZAREA ACESTUI SITE SAU A CON\u021aINUTULUI INDIFERENT DAC\u0102 SE REALIZEAZ\u0102 PE BAZA UNUI CONTRACT, RESPONSABILITATE STRICT\u0102 SAU ALT\u0102 MODALITATE, CHIAR CU AVERTIZAREA PRIVIND POSIBILITATEA UNOR ASTFEL DE DAUNE.<\/p>\n<p><strong>Legisla\u021bie aplicabil\u0103 \u0219i Jurisdic\u021bie<\/strong><\/p>\n<p>Ace\u0219ti Termeni \u0219i Condi\u021bii de Utilizare \u0219i utilizarea acestui site sunt guvernate de legile din Rom\u00e2nia. Instan\u021bele competente din Rom\u00e2nia vor avea jurisdic\u021bie exclusiv\u0103 asupra oric\u0103ror \u0219i tuturor disputelor ce vor ap\u0103rea din sau se vor referi la sau vor fi \u00een leg\u0103tur\u0103 cu prevederile Termenilor \u0219i Condi\u021biilor de Utilizare \u0219i\/sau Con\u021binutul site-ului sau \u00een cazul disputelor \u00een care ace\u0219ti Termeni \u0219i Condi\u021bii de Utilizare \u0219i\/sau acest site vor fi considerate fapte relevante pentru astfel de dispute.<\/p>\n","protected":false},"excerpt":{"rendered":"<p>Termeni \u0219i condi\u021bii de utilizare Acord de utilizare Prin utilizarea acestui Site, sunte\u021bi de acord cu aceste condi\u021bii de utilizare. Accesul \u0219i utilizarea acestui Site sunt supuse urm\u0103toarelor condi\u021bii de utilizare \u0219i tuturor legilor \u0219i regulamentelor aplicabile. Acces\u00e2nd \u0219i utiliz\u00e2nd Site-ul, accepta\u021bi, f\u0103r\u0103 limit\u0103ri sau calific\u0103ri, aceste condi\u021bii \u0219i lua\u021bi la cuno\u0219tin\u021b\u0103 c\u0103 orice alte [&hellip;]<\/p>\n","protected":false},"author":3479,"featured_media":0,"parent":0,"menu_order":0,"comment_status":"closed","ping_status":"closed","template":"","meta":[],"yoast_head":"<!-- This site is optimized with the Yoast SEO plugin v20.13 - https:\/\/yoast.com\/wordpress\/plugins\/seo\/ -->\n<title>Termeni si conditii de utilizare - Novatech-Industria Feroviara<\/title>\n<meta name=\"robots\" content=\"noindex, follow, max-snippet:-1, max-image-preview:large, max-video-preview:-1\" \/>\n<meta property=\"og:locale\" content=\"en_US\" \/>\n<meta property=\"og:type\" content=\"article\" \/>\n<meta property=\"og:title\" content=\"Termeni si conditii de utilizare - Novatech-Industria Feroviara\" \/>\n<meta property=\"og:description\" content=\"Termeni \u0219i condi\u021bii de utilizare Acord de utilizare Prin utilizarea acestui Site, sunte\u021bi de acord cu aceste condi\u021bii de utilizare. Accesul \u0219i utilizarea acestui Site sunt supuse urm\u0103toarelor condi\u021bii de utilizare \u0219i tuturor legilor \u0219i regulamentelor aplicabile. Acces\u00e2nd \u0219i utiliz\u00e2nd Site-ul, accepta\u021bi, f\u0103r\u0103 limit\u0103ri sau calific\u0103ri, aceste condi\u021bii \u0219i lua\u021bi la cuno\u0219tin\u021b\u0103 c\u0103 orice alte [&hellip;]\" \/>\n<meta property=\"og:url\" content=\"https:\/\/novatech.ro\/industria-feroviara\/termeni-si-conditii-de-utilizare\/\" \/>\n<meta property=\"og:site_name\" content=\"Novatech-Industria Feroviara\" \/>\n<meta property=\"article:modified_time\" content=\"2023-06-30T09:50:02+00:00\" \/>\n<meta name=\"twitter:card\" content=\"summary_large_image\" \/>\n<meta name=\"twitter:label1\" content=\"Est. reading time\" \/>\n\t<meta name=\"twitter:data1\" content=\"12 minutes\" \/>\n<script type=\"application\/ld+json\" class=\"yoast-schema-graph\">{\"@context\":\"https:\/\/schema.org\",\"@graph\":[{\"@type\":\"WebPage\",\"@id\":\"https:\/\/novatech.ro\/industria-feroviara\/termeni-si-conditii-de-utilizare\/\",\"url\":\"https:\/\/novatech.ro\/industria-feroviara\/termeni-si-conditii-de-utilizare\/\",\"name\":\"Termeni si conditii de utilizare - Novatech-Industria Feroviara\",\"isPartOf\":{\"@id\":\"https:\/\/novatech.ro\/industria-feroviara\/#website\"},\"datePublished\":\"2023-06-30T06:45:28+00:00\",\"dateModified\":\"2023-06-30T09:50:02+00:00\",\"breadcrumb\":{\"@id\":\"https:\/\/novatech.ro\/industria-feroviara\/termeni-si-conditii-de-utilizare\/#breadcrumb\"},\"inLanguage\":\"en-US\",\"potentialAction\":[{\"@type\":\"ReadAction\",\"target\":[\"https:\/\/novatech.ro\/industria-feroviara\/termeni-si-conditii-de-utilizare\/\"]}]},{\"@type\":\"BreadcrumbList\",\"@id\":\"https:\/\/novatech.ro\/industria-feroviara\/termeni-si-conditii-de-utilizare\/#breadcrumb\",\"itemListElement\":[{\"@type\":\"ListItem\",\"position\":1,\"name\":\"Home\",\"item\":\"https:\/\/novatech.ro\/industria-feroviara\/\"},{\"@type\":\"ListItem\",\"position\":2,\"name\":\"Termeni si conditii de utilizare\"}]},{\"@type\":\"WebSite\",\"@id\":\"https:\/\/novatech.ro\/industria-feroviara\/#website\",\"url\":\"https:\/\/novatech.ro\/industria-feroviara\/\",\"name\":\"Novatech-Industria Feroviara\",\"description\":\"\",\"potentialAction\":[{\"@type\":\"SearchAction\",\"target\":{\"@type\":\"EntryPoint\",\"urlTemplate\":\"https:\/\/novatech.ro\/industria-feroviara\/?s={search_term_string}\"},\"query-input\":\"required name=search_term_string\"}],\"inLanguage\":\"en-US\"}]}<\/script>\n<!-- \/ Yoast SEO plugin. -->","yoast_head_json":{"title":"Termeni si conditii de utilizare - Novatech-Industria Feroviara","robots":{"index":"noindex","follow":"follow","max-snippet":"max-snippet:-1","max-image-preview":"max-image-preview:large","max-video-preview":"max-video-preview:-1"},"og_locale":"en_US","og_type":"article","og_title":"Termeni si conditii de utilizare - Novatech-Industria Feroviara","og_description":"Termeni \u0219i condi\u021bii de utilizare Acord de utilizare Prin utilizarea acestui Site, sunte\u021bi de acord cu aceste condi\u021bii de utilizare. Accesul \u0219i utilizarea acestui Site sunt supuse urm\u0103toarelor condi\u021bii de utilizare \u0219i tuturor legilor \u0219i regulamentelor aplicabile. Acces\u00e2nd \u0219i utiliz\u00e2nd Site-ul, accepta\u021bi, f\u0103r\u0103 limit\u0103ri sau calific\u0103ri, aceste condi\u021bii \u0219i lua\u021bi la cuno\u0219tin\u021b\u0103 c\u0103 orice alte [&hellip;]","og_url":"https:\/\/novatech.ro\/industria-feroviara\/termeni-si-conditii-de-utilizare\/","og_site_name":"Novatech-Industria Feroviara","article_modified_time":"2023-06-30T09:50:02+00:00","twitter_card":"summary_large_image","twitter_misc":{"Est. reading time":"12 minutes"},"schema":{"@context":"https:\/\/schema.org","@graph":[{"@type":"WebPage","@id":"https:\/\/novatech.ro\/industria-feroviara\/termeni-si-conditii-de-utilizare\/","url":"https:\/\/novatech.ro\/industria-feroviara\/termeni-si-conditii-de-utilizare\/","name":"Termeni si conditii de utilizare - Novatech-Industria Feroviara","isPartOf":{"@id":"https:\/\/novatech.ro\/industria-feroviara\/#website"},"datePublished":"2023-06-30T06:45:28+00:00","dateModified":"2023-06-30T09:50:02+00:00","breadcrumb":{"@id":"https:\/\/novatech.ro\/industria-feroviara\/termeni-si-conditii-de-utilizare\/#breadcrumb"},"inLanguage":"en-US","potentialAction":[{"@type":"ReadAction","target":["https:\/\/novatech.ro\/industria-feroviara\/termeni-si-conditii-de-utilizare\/"]}]},{"@type":"BreadcrumbList","@id":"https:\/\/novatech.ro\/industria-feroviara\/termeni-si-conditii-de-utilizare\/#breadcrumb","itemListElement":[{"@type":"ListItem","position":1,"name":"Home","item":"https:\/\/novatech.ro\/industria-feroviara\/"},{"@type":"ListItem","position":2,"name":"Termeni si conditii de utilizare"}]},{"@type":"WebSite","@id":"https:\/\/novatech.ro\/industria-feroviara\/#website","url":"https:\/\/novatech.ro\/industria-feroviara\/","name":"Novatech-Industria Feroviara","description":"","potentialAction":[{"@type":"SearchAction","target":{"@type":"EntryPoint","urlTemplate":"https:\/\/novatech.ro\/industria-feroviara\/?s={search_term_string}"},"query-input":"required name=search_term_string"}],"inLanguage":"en-US"}]}},"_links":{"self":[{"href":"https:\/\/novatech.ro\/industria-feroviara\/wp-json\/wp\/v2\/pages\/775"}],"collection":[{"href":"https:\/\/novatech.ro\/industria-feroviara\/wp-json\/wp\/v2\/pages"}],"about":[{"href":"https:\/\/novatech.ro\/industria-feroviara\/wp-json\/wp\/v2\/types\/page"}],"author":[{"embeddable":true,"href":"https:\/\/novatech.ro\/industria-feroviara\/wp-json\/wp\/v2\/users\/3479"}],"replies":[{"embeddable":true,"href":"https:\/\/novatech.ro\/industria-feroviara\/wp-json\/wp\/v2\/comments?post=775"}],"version-history":[{"count":4,"href":"https:\/\/novatech.ro\/industria-feroviara\/wp-json\/wp\/v2\/pages\/775\/revisions"}],"predecessor-version":[{"id":792,"href":"https:\/\/novatech.ro\/industria-feroviara\/wp-json\/wp\/v2\/pages\/775\/revisions\/792"}],"wp:attachment":[{"href":"https:\/\/novatech.ro\/industria-feroviara\/wp-json\/wp\/v2\/media?parent=775"}],"curies":[{"name":"wp","href":"https:\/\/api.w.org\/{rel}","templated":true}]}}